{"id":1528,"date":"2024-12-26T23:03:28","date_gmt":"2024-12-26T23:03:28","guid":{"rendered":"https:\/\/collinsdivisionveterinaria.com\/?post_type=product&#038;p=1528"},"modified":"2025-02-05T19:10:33","modified_gmt":"2025-02-05T19:10:33","slug":"flutyl-s","status":"publish","type":"product","link":"https:\/\/collinsdivisionveterinaria.com\/?product=flutyl-s","title":{"rendered":"FLUTYL-S"},"content":{"rendered":"","protected":false},"excerpt":{"rendered":"<p>Antibi\u00f3tico para control de infecciones respiratorias simples o complicadas<\/p>\n<p><a class=\"button\" href=\"https:\/\/collinsdivisionveterinaria.com\/wp-content\/uploads\/2025\/02\/FT-FLUTYL-S.pdf\" download=\"\">DESCARGAR FICHA T\u00c9CNICA<\/a><\/p>\n<p>Antibi\u00f3tico el tratamiento de infecciones ocasionadas por Gram positivas y Gram negativas, incluyendo <em>Mycoplasma<\/em> spp, entre las que destacan: rinitis atr\u00f3fica, artritits infecciosa, coriza infeccioso, disenter\u00eda porcina, enteritis necr\u00f3tica, erisipelosis, leptospirosis, pleuroneumon\u00eda porcina, complejo respiratorio porcino, enfermedad de Gl\u00e4sser, enfermedad respiratoria cr\u00f3nica y sinovitis infecciosa, entre otras.<\/p>\n<p><strong>Producto para uso exclusivo en Medicina Veterinaria.<\/strong><\/p>\n","protected":false},"featured_media":1517,"template":"","meta":{"_monsterinsights_skip_tracking":false,"_monsterinsights_sitenote_active":false,"_monsterinsights_sitenote_note":"","_monsterinsights_sitenote_category":0,"_kadence_starter_templates_imported_post":false},"product_brand":[],"product_cat":[27],"product_tag":[36,35],"class_list":{"0":"post-1528","1":"product","2":"type-product","3":"status-publish","4":"has-post-thumbnail","6":"product_cat-solucion-oral","7":"product_tag-flutyl-s","8":"product_tag-solucion-oral","10":"first","11":"onbackorder","12":"downloadable","13":"virtual","14":"product-type-simple"},"aioseo_notices":[],"_links":{"self":[{"href":"https:\/\/collinsdivisionveterinaria.com\/index.php?rest_route=\/wp\/v2\/product\/1528","targetHints":{"allow":["GET"]}}],"collection":[{"href":"https:\/\/collinsdivisionveterinaria.com\/index.php?rest_route=\/wp\/v2\/product"}],"about":[{"href":"https:\/\/collinsdivisionveterinaria.com\/index.php?rest_route=\/wp\/v2\/types\/product"}],"wp:featuredmedia":[{"embeddable":true,"href":"https:\/\/collinsdivisionveterinaria.com\/index.php?rest_route=\/wp\/v2\/media\/1517"}],"wp:attachment":[{"href":"https:\/\/collinsdivisionveterinaria.com\/index.php?rest_route=%2Fwp%2Fv2%2Fmedia&parent=1528"}],"wp:term":[{"taxonomy":"product_brand","embeddable":true,"href":"https:\/\/collinsdivisionveterinaria.com\/index.php?rest_route=%2Fwp%2Fv2%2Fproduct_brand&post=1528"},{"taxonomy":"product_cat","embeddable":true,"href":"https:\/\/collinsdivisionveterinaria.com\/index.php?rest_route=%2Fwp%2Fv2%2Fproduct_cat&post=1528"},{"taxonomy":"product_tag","embeddable":true,"href":"https:\/\/collinsdivisionveterinaria.com\/index.php?rest_route=%2Fwp%2Fv2%2Fproduct_tag&post=1528"}],"curies":[{"name":"wp","href":"https:\/\/api.w.org\/{rel}","templated":true}]}}